 What are the prime factors of u?
13
Suppose 54 = 2*s + 14. What are the prime factors of s?
2, 5
Suppose 5*y - y - 56 = 0. List the prime factors of y.
2, 7
What are the prime factors of 4328/36 + 6/(-27)?
2, 3, 5
Let y = -10 + 12. Suppose 1 = y*q - 5. Suppose p + 6 = 4*w, 3*p + q*w - 45 - 12 = 0. List the prime factors of p.
2, 7
Let k = 277 + -191. Let r = k + -53. Suppose 0 = 4*v - 5*c - r, -c + 57 = 4*v + 2*c. List the prime factors of v.
2, 3
Suppose 4*v = 2*u - 82, 0*v - 3*v = -5*u + 233. List the prime factors of u.
7
Let q be 4/8 + (-9)/(-2). Suppose 0 = -q*c - 4*i + 188, 4*i = 5*i + 3. Suppose 2*j - c = -2*j. List the prime factors of j.
2, 5
Let g = -18 + -11. Let j(b) = b**3 + b**2 + 2. Let i be j(-3). Let s = i - g. What are the prime factors of s?
13
Suppose 0 = v - 3*v. Let y = v - 1. What are the prime factors of (y + 1 - -12) + -2?
2, 5
Let n = 3 - 0. Let f = n + -4. What are the prime factors of 6 + (-4)/((-2)/f)?
2
Suppose 6 = -4*u + 2. List the prime factors of ((-2)/u - 4)*-2.
2
List the prime factors of (-194)/(-10) + (-8)/20.
19
Let j = -7 + 10. List the prime factors of j.
3
Let v be 8/(-20) + (-2)/(-5). Suppose 3*b = -v*b - 78. List the prime factors of 1/(b/(-12) - 2).
2, 3
Suppose h + 4*h = 45. Let o = h - 6. List the prime factors of o.
3
Let p be 13/(-3) + 4/(-6). Let r be 2*(p/2 + -1). Let f(j) = -j**2 - 9*j - 2. List the prime factors of f(r).
2, 3
Suppose -4 = -c - 12. Let w = c + 38. What are the prime factors of w?
2, 3, 5
Let y(x) = x**2 - 6*x + 7. Let f be y(5). Suppose 2*c + 0*o - 2*o = 14, f*o - 22 = -2*c. What are the prime factors of c?
3
Let q = 25 + -35. Let z = -6 - q. Let r = 14 - z. List the prime factors of r.
2, 5
Suppose -411 = -5*z + 14. List the prime factors of z.
5, 17
Let c(x) = 2*x**2 - x - 3. Let k be c(3). List the prime factors of 0 + k - (-1 - -2).
11
Let w = -18 - -21. Suppose 4*l = w*l, 0 = -3*o - 3*l + 27. What are the prime factors of o?
3
Let p(i) = i**2 - 6*i - 23. List the prime factors of p(10).
17
Suppose -2*r - 528 = -g - 3*g, g + 5*r - 154 = 0. List the prime factors of g.
2, 67
Suppose -4*i - 2 + 10 = 0. Suppose 2*f - i - 2 = 0. Suppose 5*n + 5 = 3*q - f, -3*n = -q - 3. What are the prime factors of q?
3
Let f(u) = u**3 - 9*u**2 - 9*u - 5. Let h be f(10). Let o = -16 - -25. Let y = o - h. What are the prime factors of y?
2
List the prime factors of (-2)/8 - (3124/(-16) + 4).
191
Suppose 6*h - 2*h = 372. Suppose -3*k - h = -3*q, -23 = -q + 3*k - 0. What are the prime factors of q?
5, 7
Suppose 30 = -5*a + 4*d, 5*a + 2*d + 12 = -18. Let y = a - -20. What are the prime factors of y?
2, 7
Let h = 4 - 1. Let m(v) = 5*v**3 - 4*v**3 - 1 - 3*v**2 - h*v**3 + 5*v**2. What are the prime factors of m(-1)?
3
Let g be (16 - 3) + (-2)/(-2). Let z = g + -10. Suppose z*s - 25 = 5*f, 2*s + 3*f = 6*s - 23. List the prime factors of s.
5
Let j(l) = l - 3. Let n be j(7). Suppose 4*t = 3*f - 21, -4*f + n*t + 38 = 2*t. List the prime factors of f.
11
Suppose 4*s - 36 = 4. List the prime factors of s.
2, 5
Let b(t) = -t - 2. Let l(y) = y**3 + y**2 + 1. Let a be l(0). Let q(i) = -8*i + 1. Let o be q(a). What are the prime factors of b(o)?
5
Let o = 10 + -10. Suppose y + 5*a - 3 = o, a - 7 = -y - 0*a. Let u = 19 - y. What are the prime factors of u?
11
Suppose -196 = -g - 3*g. List the prime factors of g.
7
Suppose 5*t - 3*p = 18 + 19, 18 = 2*t - 2*p. Suppose -2*g = -t*g + 126. What are the prime factors of g?
2, 3, 7
Suppose 8*s - 304 = 56. What are the prime factors of s?
3, 5
Let d(y) = -y**3 + 7*y**2 + y + 8. List the prime factors of d(6).
2, 5
List the prime factors of -1 + (-2)/(-4)*58.
2, 7
Let a(b) = -b**2 + 4*b - 1. Let o be a(3). Suppose -o*n - 4 + 26 = 0. What are the prime factors of n?
11
Let y(o) = -2*o**2 - 2*o + 1. Let q be y(1). Let p = q - -3. Suppose -c + 10 = x, -2*x + 2 + 6 = p. What are the prime factors of c?
2, 3
Suppose 3*o - 3*i = -4*i + 7, -5*o + 11 = i. Suppose -r - 43 = -5*u, -u + r - o + 13 = 0. List the prime factors of u.
2
Suppose 4*f - 2*b + 22 = 0, -5*b = 2*f - f - 22. Let c = -2 + f. What are the prime factors of (18/15)/((-1)/c)?
2, 3
Suppose -6 + 0 = -2*o. Let l be (8/(-10))/(4/(-50)). Suppose -l = -4*f + o*f. What are the prime factors of f?
2, 5
Suppose 5*s - p - 183 = 0, -4*s - 5*p + 155 = -3. What are the prime factors of s?
37
Let g(c) = 10 + c**2 + c - c**2 + c**2 - 2*c**2. List the prime factors of g(0).
2, 5
Suppose 2*s - 4*s = -4*c + 28, 5*c + s = 21. Suppose -l + 1 - 5 = p, c*p = 0. List the prime factors of (2/l)/((-1)/18).
3
Let z(n) = 43*n**2 - 1. What are the prime factors of z(-1)?
2, 3, 7
Let r = -4 + 8. Let x = 5 + r. List the prime factors of x.
3
Let z(k) = -35*k + 15. Let w(b) = -b - 1. Let c(g) = -20*g + 4. Let l(f) = c(f) - 3*w(f). Let n(a) = -13*l(a) + 6*z(a). List the prime factors of n(1).
2, 5
Let g = -91 - -128. List the prime factors of g.
37
Suppose -130 = -g - g. What are the prime factors of g?
5, 13
Suppose 2*b = -15 - 1. Let k = 13 + b. Let h = -3 + k. List the prime factors of h.
2
Let y(b) = -b**2 + 14. Suppose 5*d - 3*d + 5*z + 25 = 0, -3*d = 4*z + 20. What are the prime factors of y(d)?
2, 7
Suppose -27 = -x - 2*x. Suppose 0 = -5*t - 2*q + 22, -x*q + 4*q = 20. Let u = t - -3. What are the prime factors of u?
3
Suppose 49 = 2*t - 149. Let q = t - 63. List the prime factors of q.
2, 3
Let c = -5 + 5. Let u be (3/(-6)*c)/(-1). Suppose 4*r = 3*g + 72, 1 = -r - 4*g - u. List the prime factors of r.
3, 5
Let i = -3 + 6. Let z(d) = d + 1. Let j be z(i). Suppose j*c = 52 - 12. What are the prime factors of c?
2, 5
Suppose 4*p - 900 = -5*z, 3*z = -z + 5*p + 679. What are the prime factors of z?
2, 11
Let y(a) = -a**2 - 15*a + 13. What are the prime factors of y(-12)?
7
Let r = 9 - 6. Let z(f) = -f**2 + 3*f + 3. Let v be z(r). Suppose 2*x + 4*s = 20, 10 = 4*x - v*x - 3*s. What are the prime factors of x?
2, 5
Let s be -49 + (12/(-4) - -1). Let y = 85 + s. List the prime factors of y.
2, 17
Let x(y) = -52*y**3 - y**2 - 3*y - 3. What are the prime factors of x(-1)?
3, 17
Let m(k) = -k**2 - 3*k + 1. Let q be m(-2). Suppose 5*b = q*t + 19, -4*b + t = 2*t - 22. List the prime factors of b.
5
Suppose 0 = 4*m - 309 - 371. What are the prime factors of m?
2, 5, 17
List the prime factors of (-4)/((-8)/(-206))*-1.
103
Let q(w) = -1. Let a(z) = -3*z + 8. Let x(u) = -a(u) - 5*q(u). Let p be x(2). Suppose 2*r + p*r = 50. What are the prime factors of r?
2, 5
Let k(c) = c**3 + c + 6. Let n be k(0). Suppose 2*g - n*g = -24. List the prime factors of g.
2, 3
What are the prime factors of 10 + 2 - (12 + -12)?
2, 3
Let r = -5 - -8. Let m(t) = 0*t**2 + t**3 + t - 6*t - t**2 + 3*t - 1. What are the prime factors of m(r)?
11
Let u = 38 - 24. Suppose -l - 2*l + 32 = 5*d, u = l + d. What are the prime factors of l?
19
What are the prime factors of 60/25*(-20)/(-8)?
2, 3
Suppose 5*b = -32 + 92. Let p = 10 + -5. Suppose -u + 6 = 4*u + 4*r, p*u - 2*r - b = 0. List the prime factors of u.
2
Suppose -2*c = -6 - 86. What are the prime factors of c?
2, 23
Let y = -15 + 15. Let o(m) = -m + 27. What are the prime factors of o(y)?
3
Let d(a) = 10*a**2 - a + 1. What are the prime factors of d(4)?
157
Let k(x) = -5*x**2 + 4*x - 5. Let y(q) = -6*q**2 + 3*q - 4. Let h(n) = 4*k(n) - 5*y(n). What are the prime factors of h(-1)?
3
Let d(h) = 2*h**2 + h - 9. What are the prime factors of d(-13)?
2, 79
Suppose 2*s - s = 3*b - 2, 2*b = -5*s + 7. What are the prime factors of 0*b/2 + 14?
2, 7
Let q = -594 + 879. List the prime factors of q.
3, 5, 19
Suppose i - 16 = -i. Let h = 4 - i. What are the prime factors of 10 - (2 + 1*h)?
2, 3
Suppose -3*r + r + 82 = 0. What are the prime factors of r?
41
Let u = 0 - -9. List the prime factors of u.
3
Let d(n) = n**3 + 7*n**2 - 3*n + 6. Let g be d(-8). Let s = g - -52. What are the prime factors of s?
2, 3
Let n = 6 + -6. Suppose n = 23*v - 20*v - 135. List the prime factors of v.
3, 5
Let q be (-94)/(-18) - 4/18. Suppose -d - 41 = -a + 4*d, -q*a + 184 = -4*d. List the prime factors of a.
2, 3
Let z(l) = l + 3. Let o be z(7). Suppose o + 20 = 3*s. List the prime factors of s.
2, 5
Let f be (-700)/(-3) + (-3)/9. Suppose -f = -3*b - 50. Suppose -b = -5*r - 2*w, 3*r - 2*w = -3*w + 36. What are the prime factors of r?
11
Let l = 85 + 42